tor of 1 and o?
1
Let u(b) = b + 2. Let q be u(0). Suppose 3*l + 6 = -q*i, -2*i + 4*l + 18 + 4 = 0. What is the greatest common factor of i and 27?
3
Suppose 2*y = 33 + 1. Calculate the greatest common factor of 85 and y.
17
Let v(y) = -2*y**2 + 1. Let d be v(0). Calculate the greatest common factor of 17 and d.
1
Suppose 0 = 2*f - 3*i - 27, -2 = -5*i + 3. Let p = -11 + 14. Suppose -8*d + 4*d = u + 5, 3*d - 30 = -p*u. Calculate the highest common factor of f and u.
15
Let p(b) = 3*b**2 + 2*b - 3. Let k be p(2). Let s = k + 0. Calculate the greatest common factor of 13 and s.
13
Suppose 2*r = -o + 10 + 18, 5*o = -r - 4. Suppose 5*n + 6 = r. Suppose -102 = -5*w - n. What is the highest common divisor of 30 and w?
10
Let z(w) = -w**3 + 6*w**2 - 5*w + 1. Let r be z(5). Let m(t) = 97*t**2 + 1. Let c be m(r). What is the greatest common factor of c and 14?
14
Let f = -133 - -136. What is the highest common divisor of f and 21?
3
Let n(z) = 19*z - 30. Let q be n(12). Calculate the greatest common divisor of q and 22.
22
Suppose 5 + 3 = 4*q. Suppose -4*x - 16 = -5*d + 6, d - 2*x = q. Calculate the highest common divisor of d and 54.
6
Suppose 3*o = -o + 24. Suppose -c - o = -20. Suppose f - 3*f = -c. What is the greatest common divisor of 63 and f?
7
Suppose 43 = 5*r + 18. Calculate the highest common factor of 40 and r.
5
Suppose 17 + 73 = 3*d. Suppose -c - d = 13. Let l = c + 73. What is the greatest common divisor of l and 10?
10
Let k be -2 - (-5 + 1) - (-1 - 9). What is the highest common factor of k and 84?
12
Let r = 26 - 19. What is the highest common factor of 14 and r?
7
Let i = -2 - -15. Calculate the greatest common factor of 13 and i.
13
Let l be -2 - 3 - -3 - 29. Let s = l + 51. Calculate the greatest common factor of s and 30.
10
Let c(i) = 7*i - 3. Let g be c(3). Let z = 42 - g. What is the highest common factor of 3 and z?
3
Let k = -11 - -6. Let r(g) = g**2 + 2*g - 6. Let m be r(k). What is the highest common divisor of 27 and m?
9
Let u(s) = -s**2 - 2*s + 15. Let y be u(0). Calculate the greatest common factor of 5 and y.
5
Let b = -10 + 11. Let u be -2*(b + -55) - -4. Calculate the greatest common factor of u and 16.
16
Let o(v) = -v**3 + 9*v**2 + v - 9. Let l be o(9). Suppose l*a = a - 10. What is the highest common divisor of 30 and a?
10
Let j = 119 + -109. What is the highest common factor of 20 and j?
10
Let c be (2 - 5 - -6) + -3. Suppose c = -2*m - 2*m + 8. Suppose 204 = 2*r + m*r. Calculate the highest common divisor of 34 and r.
17
Let q be (-48)/(-21) - 4/14. Suppose 0 = 2*t + q. Let s be (24*t)/(6/(-16)). Calculate the greatest common factor of s and 16.
16
Let r be 50/8 - (-2)/(-8). Suppose -r*t + 4*i = -5*t - 19, 0 = 2*t + 2*i - 58. Let n be 27/3 + 1 + -1. Calculate the greatest common factor of n and t.
9
Let j = -9 + 54. What is the highest common divisor of 18 and j?
9
Suppose -2*s + 7 = 3*c, 0 = 5*s - 8*s - c. Let g(f) = 22*f**2 - f - 1. Let n be g(s). What is the highest common factor of 11 and n?
11
Let a = 70 - 34. Suppose 3*s - 3*w = w + 32, w = 5*s - 59. Calculate the greatest common factor of a and s.
12
Let b(r) = 7*r - 3. Let x be b(3). What is the greatest common divisor of x and 45?
9
Suppose -26*z = -14*z - 120. Calculate the highest common divisor of z and 130.
10
Suppose 0 = x - 118 - 17. Let l = 263 - x. What is the greatest common factor of l and 16?
16
Let r be 3/(-12) - 146/(-8). Suppose 2 = a - r. Let q(y) = -y**3 + 14*y**2 + 3*y + 8. Let b be q(14). What is the greatest common factor of b and a?
10
Suppose -5*n + 8 = -3*n, 2*d + 4*n = 106. Let o = -21 - -36. Suppose c - o = -0*c. Calculate the greatest common divisor of d and c.
15
Let o = -3 - -10. Let t(q) = q**3 - 7*q**2 + q + 1. Let c be t(o). Calculate the highest common factor of 88 and c.
8
Let y be (0 - 30)*4/(-10). Suppose 3*f + 33 = l + l, -4*l = 5*f - 33. What is the greatest common divisor of l and y?
12
Let o = 8 - -27. What is the highest common factor of o and 385?
35
Let k = 8 - 6. Suppose 3*r - k*r - 36 = 0. Suppose 4*c = 5*c - r. Calculate the highest common factor of c and 12.
12
Suppose -3*i = 5*q - 429, 4*q + q + 5*i - 435 = 0. What is the greatest common factor of 14 and q?
14
Let m(k) = 20*k**2 + 1. Let q be m(1). Suppose 0*s - 3*s = -9. Suppose d - 4*y + 2*y = 65, 188 = s*d + y. Calculate the greatest common divisor of q and d.
21
Let h(j) = 2*j - 10. Let t be h(10). Suppose -15 = -p + t. Let y = 39 - p. Calculate the greatest common divisor of 28 and y.
14
Suppose m - 18 = -5*l, 0*m + 18 = 3*l + 3*m. Suppose 2*s - 135 = -0*p - l*p, -2*p = -2*s + 110. What is the greatest common divisor of 10 and s?
10
Let j = -17 + 29. Let p(s) = s**2 - 4*s + 8. Let y be p(j). Calculate the highest common divisor of y and 13.
13
Let g(c) = c - 3. Let l(o) = 2*o - 7. Let t(w) = 5*g(w) - 3*l(w). Let s = 6 - 1. Let b be t(s). What is the highest common factor of b and 9?
1
Let d = -11 + 15. Let w be ((-8)/5)/(d/(-240)). What is the greatest common divisor of 12 and w?
12
Let z = -6 - -10. Calculate the greatest common factor of 1 and z.
1
Let y = -22 + 76. Calculate the greatest common divisor of 36 and y.
18
Let v = 57 + 15. Suppose -234 = -4*a - r + 18, -5*a = 5*r - 300. Suppose 3*b = 5*x + a, -2*b + 37 = 3*x + 7. Calculate the highest common factor of v and b.
18
Let k(i) = i**2 + 12*i + 4. Let r be k(-12). Let w be 6*r*(-2)/(-16). Let g = -2 + 4. What is the highest common divisor of w and g?
1
Let d(p) = 2*p**2 - 5*p - 1. Let o be d(5). Suppose 4*m = -2*r + 20, -5*r - 2*m + 57 = m. Suppose r = 2*b - 0. Calculate the greatest common factor of o and b.
6
Let t be (-4)/8*(1 + -39). Calculate the greatest common factor of 171 and t.
19
Let k(l) = -3*l**2 + 4*l. Let z be k(-4). Let a = 96 + z. Suppose j = 45 + 35. What is the highest common divisor of a and j?
16
Let i be 2/(8/506) - (-9)/(-6). What is the highest common factor of i and 25?
25
Let y(c) = -5*c. Let t be y(-1). Suppose 9 - t = s. Calculate the greatest common factor of 1 and s.
1
Suppose p = 5*c - c - 16, p + 4 = 0. Suppose 7 = -c*r + 40. Let q be (-1)/(-2) + 109/2. What is the highest common divisor of q and r?
11
Let j(a) = 4*a**2 + 7*a - 15. Let c be j(-7). Calculate the highest common factor of c and 12.
12
Let o(l) = l**3 + 12*l**2 + 10. Let x be o(-12). Suppose t + t - x = 0. Calculate the greatest common factor of t and 2.
1
Suppose -i + 4 = 0, -4*i + 1 = -5*n - 5. Let l = 10 + -2. What is the highest common divisor of n and l?
2
Let d(v) = -2*v - 1. Let c be d(-3). Let w be ((-8)/c)/((-2)/10). Suppose 0*j - 40 = -5*j. What is the highest common factor of j and w?
8
Let x(t) = 16*t + 2. Let g(r) = 4*r. Let u(c) = 24*g(c) - 4*x(c). Let n be u(7). Calculate the greatest common divisor of n and 24.
24
Suppose 0 = 3*h + 5*p - 7, -3*h + 2*p - 7 = -0*p. Let o be h/((-3)/3)*6. What is the highest common factor of 2 and o?
2
Let x(p) = 5*p**2 - 2*p + 1. Let a be x(-5). Calculate the highest common factor of a and 17.
17
Suppose -9 = 4*n - 53. Suppose l = 2*l + 4*p - 104, 5*l = -2*p + 448. Calculate the greatest common divisor of l and n.
11
Let b = -55 + 172. What is the greatest common divisor of b and 18?
9
Let f = 46 - 26. Let d be -50*(3/(-2))/((-10)/(-16)). What is the greatest common divisor of f and d?
20
Let n be -26 - -27 - -91*1. What is the greatest common divisor of n and 4?
4
Let j(c) = c**3 + 3*c**2 - 4*c - 4. Let o be j(-3). Calculate the greatest common divisor of o and 88.
8
Suppose w = -0*w + 1. Suppose 5 = g + w. Let d = 22 + -14. Calculate the highest common factor of d and g.
4
Suppose -5*n = a + 8 + 6, 5*a = -2*n - 1. Suppose 2*v + a = 21. Calculate the highest common divisor of 40 and v.
10
Suppose 33*f = 7*f + 1950. What is the greatest common factor of f and 5?
5
Suppose 6*k - 124 - 128 = 0. Calculate the highest common factor of 210 and k.
42
Let i(d) = -d + 1. Let l be i(-9). Calculate the greatest common factor of 2 and l.
2
Let i be ((-10)/(-15))/((-2)/(-90)). Let l = 18 - 8. What is the greatest common factor of i and l?
10
Let j = 4 - 6. Let s = j - -3. Let l(a) = 133*a**2. Let m be l(s). Calculate the greatest common factor of m and 19.
19
Suppose 0 = -3*u - 3*q + 3, u - q = 5*u - 4. What is the highest common factor of 1 and u?
1
Let o be (